48) - 11)*(-4 + 0) is divided by 82.
79
Suppose 13330 = 3*l + 2359. Calculate the remainder when l is divided by 229.
222
Let w = -3791 - -3879. Calculate the remainder when 3164 is divided by w.
84
Let p = 12443 + -12414. What is the remainder when 1476 is divided by p?
26
Let j(i) = i**3 + 36*i**2 + 127*i - 354. Calculate the remainder when j(-30) is divided by 247.
1
Let t(a) = 15*a + 33. Let q be t(-2). Suppose -d = -3*u + 61, u - q*d - 4 = 3. What is the remainder when 175 is divided by u?
21
Suppose -3*q = -l - 48, 134*l = 133*l. What is the remainder when 393 is divided by q?
9
Let j be ((-4)/(-1))/((-2)/(-8)). Suppose 4 = -6*n + j. Suppose x - o = 6, 2*x + 3*o - n = 5. What is the remainder when 22 is divided by x?
2
Let d(z) = -z**3 - 14*z**2 + 30*z - 14. Suppose 78 + 18 = -6*r. What is the remainder when 57 is divided by d(r)?
3
Calculate the remainder when 1083/5 - -7 - (42/(-30) - -1) is divided by 82.
60
Calculate the remainder when 4987 is divided by (-1 - -27)/((-704)/(-2112)).
73
Suppose 58 = 5*v - 4*s, -21*v - 18 = -23*v - s. Calculate the remainder when 49 is divided by v.
9
Suppose h = 2*h - 1. Let y = -143 - -230. Calculate the remainder when y is divided by 1/(h/45) - 1.
43
Let g be ((-1539)/(-12))/(7/(-28)). Let j = -504 - g. What is the remainder when 68 is divided by j?
5
Let s = -48 + 85. Suppose 0 = 13*a - 261 - 363. Suppose 80 - a = 4*v. What is the remainder when s is divided by v?
5
Let u = -381 + -43. Let m = u - -464. What is the remainder when 75 is divided by m?
35
Let i = 20233 - 18055. Calculate the remainder when i is divided by 14.
8
Let u = 51 - 54. Let n be (-20)/2*(u + 30/4). Let f = n + 47. What is the remainder when 19 is divided by f?
1
Let c = 27 + -23. Suppose c*t = 16, -2*t = -n + 24 - 6. Let b = -447 + 455. Calculate the remainder when n is divided by b.
2
Let x = -1398 - -1403. Let j(p) = -p**3 - 3*p**2 - 3*p + 13. What is the remainder when j(0) is divided by x?
3
Let d(z) = 5*z**2 + 54*z - 765. What is the remainder when d(13) is divided by 240?
62
Let q be 7 - 0/(2 + 1). Suppose -r - q = -4*b, 2*r = 3*b + 2 - 1. Calculate the remainder when ((-6)/2 - -16) + -1 is divided by r.
2
Let u be 1 + (-4)/3 + (-299)/(-69). Let f(x) = 7*x + x + 6 - u*x - 3*x. What is the remainder when 45 is divided by f(0)?
3
Suppose -23*s - 354636 + 76842 = -41*s. Calculate the remainder when s is divided by 105.
103
Let x = 145 - 55. Suppose 162 = x*a - 81*a. Calculate the remainder when 43 is divided by a.
7
Suppose -1171*s = -1167*s - 968. What is the remainder when 497 is divided by s?
13
Let i = 213 + -182. Suppose 20*b - i*b = -176. What is the remainder when b is divided by 5?
1
Let k be (7 - 5)*(-201)/6. Let d = -59 - k. Calculate the remainder when (-18)/9 - (2 + -83) is divided by d.
7
Suppose -60*h + 9*h = 62*h - 4520. Calculate the remainder when h is divided by 37.
3
Let n be 0 + 3 + -842 + 5/(-1). Let u = n + 862. What is the remainder when 45 is divided by u?
9
Let a = -659 + 665. Calculate the remainder when (-2)/11 - 8270/(-110) is divided by a.
3
Suppose -2*t = 5*b + t - 102, 0 = -4*b - 2*t + 80. Let v(w) = -w + 6. Calculate the remainder when 304/36 + (-8)/b is divided by v(0).
2
What is the remainder when 855 is divided by (36915/10)/(-23)*12/(-18)?
106
Let z be 1/(-10 - (-218)/22). Let n(c) be the second derivative of c**4/12 + 2*c**3/3 - 18*c**2 + 6*c. What is the remainder when 120 is divided by n(z)?
38
Let k(i) = 52*i - 310. Let g be -7*(-5 - (4 + -12 + 4)). Let l(u) = -46*u - 8. What is the remainder when l(-6) is divided by k(g)?
52
Let o(j) = -11*j + 107. Let i(r) = 12*r - 105. Let d(c) = 6*i(c) + 7*o(c). What is the remainder when d(0) is divided by 62?
57
Let h = 2 + 14. Suppose z - h*z = -615. What is the remainder when z is divided by 15?
11
Let u = -12250 - -12471. Calculate the remainder when u is divided by 189.
32
Suppose -2*m + 99 = 5*z, -4*m = -0*z - 5*z - 213. Suppose -14 = -p + 3*v - v, m = 4*p - 4*v. What is the remainder when (116/(-5))/(44/(-110)) is divided by p?
10
Let d be 105 - (7/28*-4 - 2). Suppose d*l = 1344 - 156. Suppose 2*o + o = 99. Calculate the remainder when o is divided by l.
0
Suppose -55*j + 8886 = -53*j. Calculate the remainder when j is divided by 44.
43
Let p = 163 - 89. Let o = -327 + 144. Let m = o - -190. What is the remainder when p is divided by m?
4
Suppose -k + 3*k = -388. Let r = k + 221. What is the remainder when 132 is divided by r?
24
Let t = -20 - -30. Suppose u = -u + f + t, 2*u - 4*f - 16 = 0. Suppose -6*d + 87 = -3*d + 3*a, -u*a + 56 = 2*d. What is the remainder when 56 is divided by d?
26
Let z be ((-2245)/60 + 4/6)*12. Let m = z - -640. Calculate the remainder when m is divided by 16.
7
Suppose 0 = -18*m + 1632 - 228. What is the remainder when 161 is divided by m?
5
Let k(v) = 5*v**2 - 188*v - 1928. Calculate the remainder when 1381 is divided by k(-10).
25
Let x = 786 + -719. What is the remainder when 136 is divided by x?
2
Let k = -132 + 16. Let r = k + 138. What is the remainder when 81 is divided by r?
15
Let c = 11685 + -11672. What is the remainder when 11229 is divided by c?
10
Let w(o) = 10*o**2 - 279*o - 25. Let j be w(28). Calculate the remainder when 58 is divided by j/(-6 + (-516)/(-80))*3.
18
Let u(q) = q**3 - 30*q**2 + 12*q + 79. What is the remainder when u(33) is divided by 1244?
10
Suppose -97*b + 420 = -87*b. What is the remainder when 6 is divided by (-8)/28 + 96/b?
0
Suppose -a - 2*a - 8 = -4*v, -a + 29 = 5*v. Suppose -2*l - 3*l + 5*g - 15 = 0, -a*l = 2*g + 6. What is the remainder when (1 + l)*(-27 - -3) is divided by 4?
0
Suppose 8*h + 2*m - 89 = 3*h, 25 = h + 4*m. Calculate the remainder when h is divided by (136/(-24))/((-1853)/4578).
3
Suppose 5*l - 13*l + 212 + 132 = 0. What is the remainder when l is divided by 7?
1
Suppose j - 237 = -0*j. Let u = j - 193. What is the remainder when 81 is divided by u?
37
Let p = 282 - 240. Let b(h) = h + 2. Let g be b(3). Suppose -4*n + p = 3*s, 0 = 3*s + g*n - 2*n - 39. What is the remainder when 36 is divided by s?
6
What is the remainder when 7/((15/6)/5) is divided by ((-104)/12)/(24/(-36))?
1
Suppose 0 = 5*a - t - 6818, -6812 = -5*a - 8*t + 7*t. What is the remainder when a is divided by 44?
43
What is the remainder when 1294 is divided by 22 + -14 - 9 - -94?
85
Suppose -2*v + 467 = 33. Let m = -7535 - -7546. Calculate the remainder when v is divided by m.
8
Suppose 2*q - 40 = t + 15, -2*t + 2 = 0. Let m = 1 + q. What is the remainder when m is divided by (-1 - -2*69/(-6))*(-18)/54?
5
Let k(m) = -m**2 - 12*m - 5. Let y be k(-8). Suppose -9*u = 13*u - 24*u. Let l = y - u. What is the remainder when l is divided by 14?
13
Let c(l) = -137*l - 8. Let x be c(1). Let y = 202 + x. What is the remainder when 109 is divided by y?
52
Let u = -883 + 339. Let n = -960 - u. Calculate the remainder when 38 is divided by (1/(-4))/(8/n).
12
Suppose -32*o + 34*o - 275 = -d, -2*o + 276 = 2*d. What is the remainder when 455 is divided by o?
44
Let o be -6 - (-799 - (-5 - -7)). Suppose 33 = -794*y + o*y. What is the remainder when 63 is divided by y?
30
Let z(d) = d**2 - 2*d + 6. Let a(s) = -2*s**2 + 22*s + 10. Suppose -34*y = -25*y - 72. What is the remainder when a(y) is divided by z(5)?
16
Let a be (6/4 - 2) + 35/10. Suppose 8*o - 13 - a = 0. Suppose 4*c = -v + 100, 0 = -o*c - v - 4*v + 32. Calculate the remainder when c is divided by 7.
5
Let v = 403 - 417. Let g(a) = -a**2 - 17*a - 32. Let c = 19 - -18. Calculate the remainder when c is divided by g(v).
7
Let a be (135/20)/(2/(-16)). Let o = a + 49. What is the remainder when ((-98)/(-4))/(o/(-10)) is divided by 18?
13
Let y = 415 + -100. Suppose -y = -3*w + 2*b, 0*b + b = 2*w - 209. What is the remainder when w is divided by (-30)/4*(253/(-33) - -3)?
33
Let b(q) = -73*q + 3534 - 3545 + 142*q - 75*q. Suppose u = -7 - 0. What is the remainder when b(u) is divided by 18?
13
Suppose -4*j + 300 = -4*l, l + 2*j + 0*j = -90. Let k = l + 112. Suppose 5*i - 6*i + k = 0. Calculate the remainder when i is divided by 17.
15
Calculate the remainder when 1475 is divided by -26 + 13 + 27 - -73.
83
Suppose 3*w = 5*x + 589 + 1236, 5*x = -10. Calculate the remainder when w is divided by 12.
5
Suppose 0 - 8 = 4*z. Let i(k) = 16*k**2 + k - 3. Let q 